{"id":4870,"date":"2025-10-13T20:01:23","date_gmt":"2025-10-13T20:01:23","guid":{"rendered":"https:\/\/zurich-shanghai2010.ch\/wp\/?page_id=4870"},"modified":"2025-10-14T20:00:22","modified_gmt":"2025-10-14T20:00:22","slug":"sos-kinderdorf-temirtau","status":"publish","type":"page","link":"https:\/\/zurich-shanghai2010.ch\/?page_id=4870","title":{"rendered":"SOS Kinderdorf &#8211; Temirtau"},"content":{"rendered":"\t\t<div data-elementor-type=\"wp-page\" data-elementor-id=\"4870\" class=\"elementor elementor-4870\" data-elementor-post-type=\"page\">\n\t\t\t\t\t\t<section class=\"elementor-section elementor-top-section elementor-element elementor-element-ae5c276 elementor-section-boxed elementor-section-height-default elementor-section-height-default\" data-id=\"ae5c276\" data-element_type=\"section\">\n\t\t\t\t\t\t<div class=\"elementor-container elementor-column-gap-default\">\n\t\t\t\t\t<div class=\"elementor-column elementor-col-100 elementor-top-column elementor-element elementor-element-ce7e3c8\" data-id=\"ce7e3c8\" data-element_type=\"column\">\n\t\t\t<div class=\"elementor-widget-wrap elementor-element-populated\">\n\t\t\t\t\t\t<div class=\"elementor-element elementor-element-6a3faa0 elementor-widget elementor-widget-text-editor\" data-id=\"6a3faa0\" data-element_type=\"widget\" data-widget_type=\"text-editor.default\">\n\t\t\t\t<div class=\"elementor-widget-container\">\n\t\t\t\t\t\t\t\t\t<p>Die Stadt Temirtau in der Region Karaganda hat weniger als 200.000 Einwohner. Temirtau, fr\u00fcher bekannt als AIDS-Hauptstadt Kasachstans, liegt mitten in einer wichtigen Drogenroute. Drogenkonsum ist Berichten zufolge unter jungen Menschen und Arbeitslosen weit verbreitet, und die Verwendung von Verh\u00fctungsmitteln ist gering, was das \u00dcbertragungsrisiko erh\u00f6ht. Viele Drogenabh\u00e4ngige waren im Gef\u00e4ngnis oder haben Wohnungsprobleme. Kinder aus diesen Familien sind gef\u00e4hrdet \u2013 sie besuchen meist keinen Kindergarten oder keine Schule und sind sozial isoliert.<\/p><p>Seit 2004 unterst\u00fctzt SOS-Kinderdorf Kinder, Jugendliche und Familien und setzt sich f\u00fcr ihre Rechte in Temirtau ein.<\/p><p><a href=\"https:\/\/www.sos-childrensvillages.org\/where-we-help\/asia\/kazakhstan\/temirtau\" target=\"_blank\" rel=\"noopener\">SOS Kinderdorf Temirtau<\/a><\/p>\t\t\t\t\t\t\t\t<\/div>\n\t\t\t\t<\/div>\n\t\t\t\t\t<\/div>\n\t\t<\/div>\n\t\t\t\t\t<\/div>\n\t\t<\/section>\n\t\t\t\t<\/div>\n\t\t","protected":false},"excerpt":{"rendered":"<p>Die Stadt Temirtau in der Region Karaganda hat weniger als 200.000 Einwohner. Temirtau, fr\u00fcher bekannt als AIDS-Hauptstadt Kasachstans, liegt mitten in einer wichtigen Drogenroute. Drogenkonsum ist Berichten zufolge unter jungen Menschen und Arbeitslosen weit verbreitet, und die Verwendung von Verh\u00fctungsmitteln ist gering, was das \u00dcbertragungsrisiko erh\u00f6ht. Viele Drogenabh\u00e4ngige waren im Gef\u00e4ngnis oder haben Wohnungsprobleme. Kinder &hellip; <\/p>\n<p class=\"link-more\"><a href=\"https:\/\/zurich-shanghai2010.ch\/?page_id=4870\" class=\"more-link\">Mehr <span class=\"screen-reader-text\">\u00fcber &#8222;SOS Kinderdorf &#8211; Temirtau&#8220; <\/span>Lesen<\/a><\/p>\n","protected":false},"author":1,"featured_media":0,"parent":0,"menu_order":0,"comment_status":"closed","ping_status":"closed","template":"","meta":{"footnotes":""},"class_list":["post-4870","page","type-page","status-publish","hentry"],"_links":{"self":[{"href":"https:\/\/zurich-shanghai2010.ch\/index.php?rest_route=\/wp\/v2\/pages\/4870","targetHints":{"allow":["GET"]}}],"collection":[{"href":"https:\/\/zurich-shanghai2010.ch\/index.php?rest_route=\/wp\/v2\/pages"}],"about":[{"href":"https:\/\/zurich-shanghai2010.ch\/index.php?rest_route=\/wp\/v2\/types\/page"}],"author":[{"embeddable":true,"href":"https:\/\/zurich-shanghai2010.ch\/index.php?rest_route=\/wp\/v2\/users\/1"}],"replies":[{"embeddable":true,"href":"https:\/\/zurich-shanghai2010.ch\/index.php?rest_route=%2Fwp%2Fv2%2Fcomments&post=4870"}],"version-history":[{"count":12,"href":"https:\/\/zurich-shanghai2010.ch\/index.php?rest_route=\/wp\/v2\/pages\/4870\/revisions"}],"predecessor-version":[{"id":4915,"href":"https:\/\/zurich-shanghai2010.ch\/index.php?rest_route=\/wp\/v2\/pages\/4870\/revisions\/4915"}],"wp:attachment":[{"href":"https:\/\/zurich-shanghai2010.ch\/index.php?rest_route=%2Fwp%2Fv2%2Fmedia&parent=4870"}],"curies":[{"name":"wp","href":"https:\/\/api.w.org\/{rel}","templated":true}]}}