{"id":4482,"date":"2025-10-05T11:41:04","date_gmt":"2025-10-05T11:41:04","guid":{"rendered":"https:\/\/zurich-shanghai2010.ch\/wp\/?page_id=4482"},"modified":"2025-10-12T13:52:00","modified_gmt":"2025-10-12T13:52:00","slug":"filme","status":"publish","type":"page","link":"https:\/\/zurich-shanghai2010.ch\/?page_id=4482","title":{"rendered":"Filme"},"content":{"rendered":"\t\t<div data-elementor-type=\"wp-page\" data-elementor-id=\"4482\" class=\"elementor elementor-4482\" data-elementor-post-type=\"page\">\n\t\t\t\t\t\t<section class=\"elementor-section elementor-top-section elementor-element elementor-element-7977900 elementor-section-boxed elementor-section-height-default elementor-section-height-default\" data-id=\"7977900\" data-element_type=\"section\">\n\t\t\t\t\t\t<div class=\"elementor-container elementor-column-gap-default\">\n\t\t\t\t\t<div class=\"elementor-column elementor-col-100 elementor-top-column elementor-element elementor-element-084b0a4\" data-id=\"084b0a4\" data-element_type=\"column\">\n\t\t\t<div class=\"elementor-widget-wrap elementor-element-populated\">\n\t\t\t\t\t\t<div class=\"elementor-element elementor-element-af04950 elementor-widget elementor-widget-text-editor\" data-id=\"af04950\" data-element_type=\"widget\" data-widget_type=\"text-editor.default\">\n\t\t\t\t<div class=\"elementor-widget-container\">\n\t\t\t\t\t\t\t\t\t<p>Alle unsere Erlebnisse und Begegnungen von jeder Etappe haben wir in einem Film (ca. 45 Min) dokumentiert.<br \/>Hier k\u00f6nnt ihr die Filme streamen.<\/p><p>Viel Spass mit unseren Abenteuer.<\/p>\t\t\t\t\t\t\t\t<\/div>\n\t\t\t\t<\/div>\n\t\t\t\t\t<\/div>\n\t\t<\/div>\n\t\t\t\t\t<\/div>\n\t\t<\/section>\n\t\t\t\t<section class=\"elementor-section elementor-top-section elementor-element elementor-element-4e423b4 elementor-section-boxed elementor-section-height-default elementor-section-height-default\" data-id=\"4e423b4\" data-element_type=\"section\">\n\t\t\t\t\t\t<div class=\"elementor-container elementor-column-gap-default\">\n\t\t\t\t\t<div class=\"elementor-column elementor-col-50 elementor-top-column elementor-element elementor-element-f1fc4eb\" data-id=\"f1fc4eb\" data-element_type=\"column\">\n\t\t\t<div class=\"elementor-widget-wrap elementor-element-populated\">\n\t\t\t\t\t\t<div class=\"elementor-element elementor-element-7f89ee5 elementor-widget elementor-widget-text-editor\" data-id=\"7f89ee5\" data-element_type=\"widget\" data-widget_type=\"text-editor.default\">\n\t\t\t\t<div class=\"elementor-widget-container\">\n\t\t\t\t\t\t\t\t\t<p style=\"text-align: center;\"><strong>Etappe 1 &#8211; 2006<\/strong><\/p><p style=\"text-align: center;\"><strong>Z\u00fcrich &#8211; Moskau<\/strong><\/p>\t\t\t\t\t\t\t\t<\/div>\n\t\t\t\t<\/div>\n\t\t\t\t<div class=\"elementor-element elementor-element-dad91dd elementor-widget elementor-widget-image\" data-id=\"dad91dd\" data-element_type=\"widget\" data-widget_type=\"image.default\">\n\t\t\t\t<div class=\"elementor-widget-container\">\n\t\t\t\t\t\t\t\t\t\t\t\t<figure class=\"wp-caption\">\n\t\t\t\t\t\t\t\t\t\t\t<a href=\"https:\/\/skillpartners.docsend.com\/view\/m8833em55mjz63ds\">\n\t\t\t\t\t\t\t<img fetchpriority=\"high\" decoding=\"async\" width=\"768\" height=\"493\" src=\"https:\/\/zurich-shanghai2010.ch\/wp-content\/uploads\/2025\/10\/Film-Etappe-1-1.jpg\" class=\"attachment-medium_large size-medium_large wp-image-4712\" alt=\"\" srcset=\"https:\/\/zurich-shanghai2010.ch\/wp-content\/uploads\/2025\/10\/Film-Etappe-1-1.jpg 1383w, https:\/\/zurich-shanghai2010.ch\/wp-content\/uploads\/2025\/10\/Film-Etappe-1-1-300x193.jpg 300w, https:\/\/zurich-shanghai2010.ch\/wp-content\/uploads\/2025\/10\/Film-Etappe-1-1-1024x657.jpg 1024w\" sizes=\"100vw\" \/>\t\t\t\t\t\t\t\t<\/a>\n\t\t\t\t\t\t\t\t\t\t\t<figcaption class=\"widget-image-caption wp-caption-text\">Film \u00fcber unsere Erlebnisse auf Etappe 1 (ca. 35 Min)<\/figcaption>\n\t\t\t\t\t\t\t\t\t\t<\/figure>\n\t\t\t\t\t\t\t\t\t<\/div>\n\t\t\t\t<\/div>\n\t\t\t\t\t<\/div>\n\t\t<\/div>\n\t\t\t\t<div class=\"elementor-column elementor-col-50 elementor-top-column elementor-element elementor-element-ba20b5f\" data-id=\"ba20b5f\" data-element_type=\"column\">\n\t\t\t<div class=\"elementor-widget-wrap elementor-element-populated\">\n\t\t\t\t\t\t<div class=\"elementor-element elementor-element-2e72013 elementor-widget elementor-widget-text-editor\" data-id=\"2e72013\" data-element_type=\"widget\" data-widget_type=\"text-editor.default\">\n\t\t\t\t<div class=\"elementor-widget-container\">\n\t\t\t\t\t\t\t\t\t<p style=\"text-align: center;\"><strong>Etappe 2 &#8211; 2008<br \/><\/strong><strong>Moskau &#8211; Novosibirsk<\/strong><\/p>\t\t\t\t\t\t\t\t<\/div>\n\t\t\t\t<\/div>\n\t\t\t\t<div class=\"elementor-element elementor-element-5d12214 elementor-widget elementor-widget-image\" data-id=\"5d12214\" data-element_type=\"widget\" data-widget_type=\"image.default\">\n\t\t\t\t<div class=\"elementor-widget-container\">\n\t\t\t\t\t\t\t\t\t\t\t\t<figure class=\"wp-caption\">\n\t\t\t\t\t\t\t\t\t\t\t<a href=\"https:\/\/skillpartners.docsend.com\/view\/sy2a9h98fhhwqifv\">\n\t\t\t\t\t\t\t<img decoding=\"async\" width=\"768\" height=\"498\" src=\"https:\/\/zurich-shanghai2010.ch\/wp-content\/uploads\/2025\/10\/Film-Etappe-2-1.jpg\" class=\"attachment-medium_large size-medium_large wp-image-4713\" alt=\"\" srcset=\"https:\/\/zurich-shanghai2010.ch\/wp-content\/uploads\/2025\/10\/Film-Etappe-2-1.jpg 1387w, https:\/\/zurich-shanghai2010.ch\/wp-content\/uploads\/2025\/10\/Film-Etappe-2-1-300x194.jpg 300w, https:\/\/zurich-shanghai2010.ch\/wp-content\/uploads\/2025\/10\/Film-Etappe-2-1-1024x664.jpg 1024w\" sizes=\"100vw\" \/>\t\t\t\t\t\t\t\t<\/a>\n\t\t\t\t\t\t\t\t\t\t\t<figcaption class=\"widget-image-caption wp-caption-text\">Film \u00fcber unsere Erlebnisse auf Etappe 2 (ca. 55 Min)<\/figcaption>\n\t\t\t\t\t\t\t\t\t\t<\/figure>\n\t\t\t\t\t\t\t\t\t<\/div>\n\t\t\t\t<\/div>\n\t\t\t\t\t<\/div>\n\t\t<\/div>\n\t\t\t\t\t<\/div>\n\t\t<\/section>\n\t\t\t\t<section class=\"elementor-section elementor-top-section elementor-element elementor-element-27aeda5 elementor-section-boxed elementor-section-height-default elementor-section-height-default\" data-id=\"27aeda5\" data-element_type=\"section\">\n\t\t\t\t\t\t<div class=\"elementor-container elementor-column-gap-default\">\n\t\t\t\t\t<div class=\"elementor-column elementor-col-50 elementor-top-column elementor-element elementor-element-bd3f87a\" data-id=\"bd3f87a\" data-element_type=\"column\">\n\t\t\t<div class=\"elementor-widget-wrap elementor-element-populated\">\n\t\t\t\t\t\t<div class=\"elementor-element elementor-element-fd9c42c elementor-widget elementor-widget-text-editor\" data-id=\"fd9c42c\" data-element_type=\"widget\" data-widget_type=\"text-editor.default\">\n\t\t\t\t<div class=\"elementor-widget-container\">\n\t\t\t\t\t\t\t\t\t<p style=\"text-align: center;\"><strong>Etappe 3 &#8211; 2009<\/strong><\/p><p style=\"text-align: center;\"><strong>Novosibirsk &#8211; Ulan Bator<\/strong><\/p>\t\t\t\t\t\t\t\t<\/div>\n\t\t\t\t<\/div>\n\t\t\t\t<div class=\"elementor-element elementor-element-0603648 elementor-widget elementor-widget-image\" data-id=\"0603648\" data-element_type=\"widget\" data-widget_type=\"image.default\">\n\t\t\t\t<div class=\"elementor-widget-container\">\n\t\t\t\t\t\t\t\t\t\t\t\t<figure class=\"wp-caption\">\n\t\t\t\t\t\t\t\t\t\t\t<a href=\"https:\/\/skillpartners.docsend.com\/view\/n5kbbj7qk9ky7k7k\">\n\t\t\t\t\t\t\t<img decoding=\"async\" width=\"768\" height=\"567\" src=\"https:\/\/zurich-shanghai2010.ch\/wp-content\/uploads\/2025\/10\/Film-Etappe-3-2.jpg\" class=\"attachment-medium_large size-medium_large wp-image-4716\" alt=\"\" srcset=\"https:\/\/zurich-shanghai2010.ch\/wp-content\/uploads\/2025\/10\/Film-Etappe-3-2.jpg 899w, https:\/\/zurich-shanghai2010.ch\/wp-content\/uploads\/2025\/10\/Film-Etappe-3-2-300x222.jpg 300w\" sizes=\"100vw\" \/>\t\t\t\t\t\t\t\t<\/a>\n\t\t\t\t\t\t\t\t\t\t\t<figcaption class=\"widget-image-caption wp-caption-text\">Film \u00fcber unsere Erlebnisse auf Etappe 3 (ca. 45 Min)<\/figcaption>\n\t\t\t\t\t\t\t\t\t\t<\/figure>\n\t\t\t\t\t\t\t\t\t<\/div>\n\t\t\t\t<\/div>\n\t\t\t\t\t<\/div>\n\t\t<\/div>\n\t\t\t\t<div class=\"elementor-column elementor-col-50 elementor-top-column elementor-element elementor-element-335b879\" data-id=\"335b879\" data-element_type=\"column\">\n\t\t\t<div class=\"elementor-widget-wrap elementor-element-populated\">\n\t\t\t\t\t\t<div class=\"elementor-element elementor-element-d2413bc elementor-widget elementor-widget-text-editor\" data-id=\"d2413bc\" data-element_type=\"widget\" data-widget_type=\"text-editor.default\">\n\t\t\t\t<div class=\"elementor-widget-container\">\n\t\t\t\t\t\t\t\t\t<p style=\"text-align: center;\"><strong>Etappe 4 &#8211; 2010<br \/><\/strong><strong>Ulan Bator &#8211; Shanghai<\/strong><\/p>\t\t\t\t\t\t\t\t<\/div>\n\t\t\t\t<\/div>\n\t\t\t\t<div class=\"elementor-element elementor-element-d008cc6 elementor-widget elementor-widget-image\" data-id=\"d008cc6\" data-element_type=\"widget\" data-widget_type=\"image.default\">\n\t\t\t\t<div class=\"elementor-widget-container\">\n\t\t\t\t\t\t\t\t\t\t\t\t<figure class=\"wp-caption\">\n\t\t\t\t\t\t\t\t\t\t\t<a href=\"https:\/\/skillpartners.docsend.com\/view\/pmzyzjwzfv7mzvuk\">\n\t\t\t\t\t\t\t<img loading=\"lazy\" decoding=\"async\" width=\"768\" height=\"577\" src=\"https:\/\/zurich-shanghai2010.ch\/wp-content\/uploads\/2025\/10\/Film-Etappe-4-1.jpg\" class=\"attachment-medium_large size-medium_large wp-image-4720\" alt=\"\" srcset=\"https:\/\/zurich-shanghai2010.ch\/wp-content\/uploads\/2025\/10\/Film-Etappe-4-1.jpg 901w, https:\/\/zurich-shanghai2010.ch\/wp-content\/uploads\/2025\/10\/Film-Etappe-4-1-300x225.jpg 300w\" sizes=\"100vw\" \/>\t\t\t\t\t\t\t\t<\/a>\n\t\t\t\t\t\t\t\t\t\t\t<figcaption class=\"widget-image-caption wp-caption-text\">Film \u00fcber unsere Erlebnisse auf Etappe 4 (ca. 45 Min)<\/figcaption>\n\t\t\t\t\t\t\t\t\t\t<\/figure>\n\t\t\t\t\t\t\t\t\t<\/div>\n\t\t\t\t<\/div>\n\t\t\t\t\t<\/div>\n\t\t<\/div>\n\t\t\t\t\t<\/div>\n\t\t<\/section>\n\t\t\t\t<\/div>\n\t\t","protected":false},"excerpt":{"rendered":"<p>Alle unsere Erlebnisse und Begegnungen von jeder Etappe haben wir in einem Film (ca. 45 Min) dokumentiert.Hier k\u00f6nnt ihr die Filme streamen. Viel Spass mit unseren Abenteuer. Etappe 1 &#8211; 2006 Z\u00fcrich &#8211; Moskau Film \u00fcber unsere Erlebnisse auf Etappe 1 (ca. 35 Min) Etappe 2 &#8211; 2008Moskau &#8211; Novosibirsk Film \u00fcber unsere Erlebnisse auf &hellip; <\/p>\n<p class=\"link-more\"><a href=\"https:\/\/zurich-shanghai2010.ch\/?page_id=4482\" class=\"more-link\">Mehr <span class=\"screen-reader-text\">\u00fcber &#8222;Filme&#8220; <\/span>Lesen<\/a><\/p>\n","protected":false},"author":1,"featured_media":0,"parent":0,"menu_order":0,"comment_status":"closed","ping_status":"closed","template":"","meta":{"footnotes":""},"class_list":["post-4482","page","type-page","status-publish","hentry"],"_links":{"self":[{"href":"https:\/\/zurich-shanghai2010.ch\/index.php?rest_route=\/wp\/v2\/pages\/4482","targetHints":{"allow":["GET"]}}],"collection":[{"href":"https:\/\/zurich-shanghai2010.ch\/index.php?rest_route=\/wp\/v2\/pages"}],"about":[{"href":"https:\/\/zurich-shanghai2010.ch\/index.php?rest_route=\/wp\/v2\/types\/page"}],"author":[{"embeddable":true,"href":"https:\/\/zurich-shanghai2010.ch\/index.php?rest_route=\/wp\/v2\/users\/1"}],"replies":[{"embeddable":true,"href":"https:\/\/zurich-shanghai2010.ch\/index.php?rest_route=%2Fwp%2Fv2%2Fcomments&post=4482"}],"version-history":[{"count":42,"href":"https:\/\/zurich-shanghai2010.ch\/index.php?rest_route=\/wp\/v2\/pages\/4482\/revisions"}],"predecessor-version":[{"id":4737,"href":"https:\/\/zurich-shanghai2010.ch\/index.php?rest_route=\/wp\/v2\/pages\/4482\/revisions\/4737"}],"wp:attachment":[{"href":"https:\/\/zurich-shanghai2010.ch\/index.php?rest_route=%2Fwp%2Fv2%2Fmedia&parent=4482"}],"curies":[{"name":"wp","href":"https:\/\/api.w.org\/{rel}","templated":true}]}}