{"id":4467,"date":"2025-10-04T20:19:52","date_gmt":"2025-10-04T20:19:52","guid":{"rendered":"https:\/\/zurich-shanghai2010.ch\/wp\/?page_id=4467"},"modified":"2025-10-18T20:11:10","modified_gmt":"2025-10-18T20:11:10","slug":"shanghai","status":"publish","type":"page","link":"https:\/\/zurich-shanghai2010.ch\/?page_id=4467","title":{"rendered":"Shanghai"},"content":{"rendered":"\t\t<div data-elementor-type=\"wp-page\" data-elementor-id=\"4467\" class=\"elementor elementor-4467\" data-elementor-post-type=\"page\">\n\t\t\t\t\t\t<section class=\"elementor-section elementor-top-section elementor-element elementor-element-749379f9 elementor-section-boxed elementor-section-height-default elementor-section-height-default\" data-id=\"749379f9\" data-element_type=\"section\">\n\t\t\t\t\t\t<div class=\"elementor-container elementor-column-gap-default\">\n\t\t\t\t\t<div class=\"elementor-column elementor-col-100 elementor-top-column elementor-element elementor-element-6a48daaf\" data-id=\"6a48daaf\" data-element_type=\"column\">\n\t\t\t<div class=\"elementor-widget-wrap elementor-element-populated\">\n\t\t\t\t\t\t<div class=\"elementor-element elementor-element-11ed5ed elementor-widget elementor-widget-text-editor\" data-id=\"11ed5ed\" data-element_type=\"widget\" data-widget_type=\"text-editor.default\">\n\t\t\t\t<div class=\"elementor-widget-container\">\n\t\t\t\t\t\t\t\t\t<p><strong>Die pulsierende Metropole Chinas<\/strong><\/p><p><strong>Eckdaten und touristische Highlights:<br \/><\/strong>Shanghai, die gr\u00f6\u00dfte Stadt Chinas, liegt an der M\u00fcndung des Jangtse-Flusses und z\u00e4hlt rund 26 Millionen Einwohner. Urspr\u00fcnglich ein kleines Fischerdorf, entwickelte sich Shanghai im 19. Jahrhundert durch den internationalen Handel zu einer bedeutenden Hafenstadt. Heute ist die Stadt ein wirtschaftliches, kulturelles und finanzielles Zentrum Chinas mit beeindruckender Skyline und moderner Infrastruktur. Zu den bekanntesten Sehensw\u00fcrdigkeiten z\u00e4hlen der historische Bund, der futuristische Pudong-Skyline mit dem Shanghai Tower, der Yu-Garten, die Nanjing Road sowie das Shanghai-Museum. Kulturelle Viertel wie Xintiandi und traditionelle Wasserst\u00e4dte wie Zhujiajiao bieten zus\u00e4tzliche Einblicke in Geschichte und Alltag. Shanghai verbindet historische Architektur mit modernem urbanem Leben und wirtschaftlicher Dynamik. Die Stadt gilt als Tor zu China f\u00fcr internationale Besucher und beeindruckt durch die Mischung aus Tradition, Moderne und globaler Bedeutung.<\/p><p><strong>Erlebnisse:<br \/><\/strong>Beim Einrollen in die gr\u00f6sste Stadt Chinas \u00fcberkommen uns Gl\u00fccksgef\u00fchle. Es ist vollbracht. Vor der eindr\u00fccklichen Skyline mit den Wolkenkratzern am Bund machen wir Fotos. Danach fahren wir ins Swissotel wo uns diverse Freunde und Verwandte empfangen. Wir liegen uns alle in den Armen.<\/p>\t\t\t\t\t\t\t\t<\/div>\n\t\t\t\t<\/div>\n\t\t\t\t\t<\/div>\n\t\t<\/div>\n\t\t\t\t\t<\/div>\n\t\t<\/section>\n\t\t\t\t<\/div>\n\t\t","protected":false},"excerpt":{"rendered":"<p>Die pulsierende Metropole Chinas Eckdaten und touristische Highlights:Shanghai, die gr\u00f6\u00dfte Stadt Chinas, liegt an der M\u00fcndung des Jangtse-Flusses und z\u00e4hlt rund 26 Millionen Einwohner. Urspr\u00fcnglich ein kleines Fischerdorf, entwickelte sich Shanghai im 19. Jahrhundert durch den internationalen Handel zu einer bedeutenden Hafenstadt. Heute ist die Stadt ein wirtschaftliches, kulturelles und finanzielles Zentrum Chinas mit beeindruckender &hellip; <\/p>\n<p class=\"link-more\"><a href=\"https:\/\/zurich-shanghai2010.ch\/?page_id=4467\" class=\"more-link\">Mehr <span class=\"screen-reader-text\">\u00fcber &#8222;Shanghai&#8220; <\/span>Lesen<\/a><\/p>\n","protected":false},"author":1,"featured_media":0,"parent":0,"menu_order":0,"comment_status":"closed","ping_status":"closed","template":"","meta":{"footnotes":""},"class_list":["post-4467","page","type-page","status-publish","hentry"],"_links":{"self":[{"href":"https:\/\/zurich-shanghai2010.ch\/index.php?rest_route=\/wp\/v2\/pages\/4467","targetHints":{"allow":["GET"]}}],"collection":[{"href":"https:\/\/zurich-shanghai2010.ch\/index.php?rest_route=\/wp\/v2\/pages"}],"about":[{"href":"https:\/\/zurich-shanghai2010.ch\/index.php?rest_route=\/wp\/v2\/types\/page"}],"author":[{"embeddable":true,"href":"https:\/\/zurich-shanghai2010.ch\/index.php?rest_route=\/wp\/v2\/users\/1"}],"replies":[{"embeddable":true,"href":"https:\/\/zurich-shanghai2010.ch\/index.php?rest_route=%2Fwp%2Fv2%2Fcomments&post=4467"}],"version-history":[{"count":6,"href":"https:\/\/zurich-shanghai2010.ch\/index.php?rest_route=\/wp\/v2\/pages\/4467\/revisions"}],"predecessor-version":[{"id":5252,"href":"https:\/\/zurich-shanghai2010.ch\/index.php?rest_route=\/wp\/v2\/pages\/4467\/revisions\/5252"}],"wp:attachment":[{"href":"https:\/\/zurich-shanghai2010.ch\/index.php?rest_route=%2Fwp%2Fv2%2Fmedia&parent=4467"}],"curies":[{"name":"wp","href":"https:\/\/api.w.org\/{rel}","templated":true}]}}