{"id":4443,"date":"2025-10-04T20:13:25","date_gmt":"2025-10-04T20:13:25","guid":{"rendered":"https:\/\/zurich-shanghai2010.ch\/wp\/?page_id=4443"},"modified":"2025-10-18T20:02:34","modified_gmt":"2025-10-18T20:02:34","slug":"irkutsk","status":"publish","type":"page","link":"https:\/\/zurich-shanghai2010.ch\/?page_id=4443","title":{"rendered":"Irkutsk"},"content":{"rendered":"\t\t<div data-elementor-type=\"wp-page\" data-elementor-id=\"4443\" class=\"elementor elementor-4443\" data-elementor-post-type=\"page\">\n\t\t\t\t\t\t<section class=\"elementor-section elementor-top-section elementor-element elementor-element-3bf00d3d elementor-section-boxed elementor-section-height-default elementor-section-height-default\" data-id=\"3bf00d3d\" data-element_type=\"section\">\n\t\t\t\t\t\t<div class=\"elementor-container elementor-column-gap-default\">\n\t\t\t\t\t<div class=\"elementor-column elementor-col-100 elementor-top-column elementor-element elementor-element-26d6df7\" data-id=\"26d6df7\" data-element_type=\"column\">\n\t\t\t<div class=\"elementor-widget-wrap elementor-element-populated\">\n\t\t\t\t\t\t<div class=\"elementor-element elementor-element-4a782bd elementor-widget elementor-widget-text-editor\" data-id=\"4a782bd\" data-element_type=\"widget\" data-widget_type=\"text-editor.default\">\n\t\t\t\t<div class=\"elementor-widget-container\">\n\t\t\t\t\t\t\t\t\t<p><strong>Das Tor zum Baikalsee<\/strong><\/p><p><strong>Eckdaten und touristische Highlights:<br \/><\/strong>Irkutsk, eine bedeutende Stadt in Ostsibirien, liegt am Fluss Angara und z\u00e4hlt rund 620.000 Einwohner. Gegr\u00fcndet wurde sie 1661 als Handels- und Verwaltungszentrum und war sp\u00e4ter ein wichtiger Ort f\u00fcr politische Exilanten w\u00e4hrend der Zarenzeit. Heute ist Irkutsk das wirtschaftliche, kulturelle und administrative Zentrum der Region und ein lebendiger Ausgangspunkt f\u00fcr Reisen zum Baikalsee. Zu den wichtigsten Sehensw\u00fcrdigkeiten z\u00e4hlen die Christi-Verkl\u00e4rungs-Kathedrale, die Epiphany-Kirche, historische Holzh\u00e4user im Stadtzentrum und das Irkutsker Regionalmuseum. Die N\u00e4he zum Baikalsee, dem tiefsten und \u00e4ltesten S\u00fc\u00dfwassersee der Welt, macht die Stadt besonders attraktiv f\u00fcr Natur- und Abenteuerreisen. Beliebt sind Ausfl\u00fcge nach Listwjanka sowie Wanderungen und Bootsfahrten auf dem See. Die Angara-Uferpromenade l\u00e4dt zu Spazierg\u00e4ngen und Erholung ein. Irkutsk vereint historische Architektur, sibirische Kultur und beeindruckende Natur und bietet Besuchern ein vielf\u00e4ltiges Erlebnis in Ostsibirien.<\/p><p><strong>Erlebnisse:<br \/><\/strong>Ein weiteres grosses Etappenziel ist erreicht. Irkutsk &#8211; die Stadt am Baikalsee, dem gr\u00f6ssten S\u00fcsswasserreservoir der Welt. Einen Tag nach unserer Ankunft unternehmen wir einen Ausflug in ein Dorf in unmittelbarer N\u00e4he des Sees. Die Wassertemperatur ist eisig. \u00dcberall werden getrocknete Fische zum Verkauf angeboten.\u00a0Die Stadt mit seinen diversen historischen Sehensw\u00fcrdigkeiten zeigt sich von seiner besten Seite.<\/p>\t\t\t\t\t\t\t\t<\/div>\n\t\t\t\t<\/div>\n\t\t\t\t\t<\/div>\n\t\t<\/div>\n\t\t\t\t\t<\/div>\n\t\t<\/section>\n\t\t\t\t<\/div>\n\t\t","protected":false},"excerpt":{"rendered":"<p>Das Tor zum Baikalsee Eckdaten und touristische Highlights:Irkutsk, eine bedeutende Stadt in Ostsibirien, liegt am Fluss Angara und z\u00e4hlt rund 620.000 Einwohner. Gegr\u00fcndet wurde sie 1661 als Handels- und Verwaltungszentrum und war sp\u00e4ter ein wichtiger Ort f\u00fcr politische Exilanten w\u00e4hrend der Zarenzeit. Heute ist Irkutsk das wirtschaftliche, kulturelle und administrative Zentrum der Region und ein &hellip; <\/p>\n<p class=\"link-more\"><a href=\"https:\/\/zurich-shanghai2010.ch\/?page_id=4443\" class=\"more-link\">Mehr <span class=\"screen-reader-text\">\u00fcber &#8222;Irkutsk&#8220; <\/span>Lesen<\/a><\/p>\n","protected":false},"author":1,"featured_media":0,"parent":0,"menu_order":0,"comment_status":"closed","ping_status":"closed","template":"","meta":{"footnotes":""},"class_list":["post-4443","page","type-page","status-publish","hentry"],"_links":{"self":[{"href":"https:\/\/zurich-shanghai2010.ch\/index.php?rest_route=\/wp\/v2\/pages\/4443","targetHints":{"allow":["GET"]}}],"collection":[{"href":"https:\/\/zurich-shanghai2010.ch\/index.php?rest_route=\/wp\/v2\/pages"}],"about":[{"href":"https:\/\/zurich-shanghai2010.ch\/index.php?rest_route=\/wp\/v2\/types\/page"}],"author":[{"embeddable":true,"href":"https:\/\/zurich-shanghai2010.ch\/index.php?rest_route=\/wp\/v2\/users\/1"}],"replies":[{"embeddable":true,"href":"https:\/\/zurich-shanghai2010.ch\/index.php?rest_route=%2Fwp%2Fv2%2Fcomments&post=4443"}],"version-history":[{"count":6,"href":"https:\/\/zurich-shanghai2010.ch\/index.php?rest_route=\/wp\/v2\/pages\/4443\/revisions"}],"predecessor-version":[{"id":5239,"href":"https:\/\/zurich-shanghai2010.ch\/index.php?rest_route=\/wp\/v2\/pages\/4443\/revisions\/5239"}],"wp:attachment":[{"href":"https:\/\/zurich-shanghai2010.ch\/index.php?rest_route=%2Fwp%2Fv2%2Fmedia&parent=4443"}],"curies":[{"name":"wp","href":"https:\/\/api.w.org\/{rel}","templated":true}]}}