{"id":4411,"date":"2025-10-04T20:05:39","date_gmt":"2025-10-04T20:05:39","guid":{"rendered":"https:\/\/zurich-shanghai2010.ch\/wp\/?page_id=4411"},"modified":"2025-10-18T19:55:00","modified_gmt":"2025-10-18T19:55:00","slug":"kazan","status":"publish","type":"page","link":"https:\/\/zurich-shanghai2010.ch\/?page_id=4411","title":{"rendered":"Kazan"},"content":{"rendered":"\t\t<div data-elementor-type=\"wp-page\" data-elementor-id=\"4411\" class=\"elementor elementor-4411\" data-elementor-post-type=\"page\">\n\t\t\t\t\t\t<section class=\"elementor-section elementor-top-section elementor-element elementor-element-45999553 elementor-section-boxed elementor-section-height-default elementor-section-height-default\" data-id=\"45999553\" data-element_type=\"section\">\n\t\t\t\t\t\t<div class=\"elementor-container elementor-column-gap-default\">\n\t\t\t\t\t<div class=\"elementor-column elementor-col-100 elementor-top-column elementor-element elementor-element-11ab1adc\" data-id=\"11ab1adc\" data-element_type=\"column\">\n\t\t\t<div class=\"elementor-widget-wrap elementor-element-populated\">\n\t\t\t\t\t\t<div class=\"elementor-element elementor-element-4ebf2c9 elementor-widget elementor-widget-text-editor\" data-id=\"4ebf2c9\" data-element_type=\"widget\" data-widget_type=\"text-editor.default\">\n\t\t\t\t<div class=\"elementor-widget-container\">\n\t\t\t\t\t\t\t\t\t<p><strong>Das Tor zwischen Europa und Asien<\/strong><\/p><p><strong>Eckdaten und touristische Highlights:<br \/><\/strong>Kasan, die Hauptstadt der russischen Republik Tatarstan, liegt malerisch an der Wolga und z\u00e4hlt rund 1,3 Millionen Einwohner. Die Stadt wurde im 10. Jahrhundert gegr\u00fcndet und war einst das Zentrum des Khanats von Kasan, bevor sie 1552 von Iwan dem Schrecklichen erobert wurde. Heute steht Kasan sinnbildlich f\u00fcr das harmonische Zusammenleben von russischer und tatarischer Kultur, was sich in Architektur, Sprache und Religion widerspiegelt. Der Kasaner Kreml mit der prachtvollen Kul-Scharyf-Moschee und der Mari\u00e4-Verk\u00fcndigungs-Kathedrale geh\u00f6rt zum UNESCO-Weltkulturerbe und ist das bekannteste Wahrzeichen der Stadt.<br \/>In der lebhaften Bauman-Strase schl\u00e4gt das moderne Herz Kasans mit Restaurants, Strassenk\u00fcnstlern und Boutiquen, w\u00e4hrend der Kreml-Damm herrliche Ausblicke auf die Wolga bietet. Die Stadt ist zudem ein bedeutendes Bildungs- und Kulturzentrum mit einer der \u00e4ltesten Universit\u00e4ten Russlands. Als Austragungsort der Universiade 2013 und der Fu\u00dfball-WM 2018 pr\u00e4sentiert sich Kasan auch als dynamische Sportmetropole. Mit ihrer Mischung aus orientalischem Flair und russischer Tradition gilt Kasan heute als eine der faszinierendsten und weltoffensten St\u00e4dte des Landes.<\/p><p><strong>Erlebnisse:<br \/><\/strong>Wir treffen einiges nach Mitternacht im Hotel ein. Ein Mann aus einer Gruppe von deutschen Porsche Cayenne Fahrern teilt uns mit, dass f\u00fcr uns keine Hotelzimmer mehr zur Verf\u00fcgung st\u00fcnden. Das ist nat\u00fcrlich nicht zutreffend. Er erw\u00e4hnt, dass sie sich auf einer sehr anspruchsvollen Reise nach Peking bef\u00e4nden und blockieren mit ihrem Material im Anschluss die Hotelaufz\u00fcge, so dass wir unser Gep\u00e4ck nach \u00fcber 200 gefahrenen Kilometern m\u00fchsam \u00fcber 10 Stockwerke hinaufschleppen m\u00fcssen.\u00a0Grazi bleibt sich selber treu und spult am meisten Fusskilometer ab. Beat und Matt schliessen sich spontan einer Salsagruppe an und lassen das Tanzbein schwingen. Die Stadt ist wundersch\u00f6n und beeindruckend.<\/p>\t\t\t\t\t\t\t\t<\/div>\n\t\t\t\t<\/div>\n\t\t\t\t\t<\/div>\n\t\t<\/div>\n\t\t\t\t\t<\/div>\n\t\t<\/section>\n\t\t\t\t<\/div>\n\t\t","protected":false},"excerpt":{"rendered":"<p>Das Tor zwischen Europa und Asien Eckdaten und touristische Highlights:Kasan, die Hauptstadt der russischen Republik Tatarstan, liegt malerisch an der Wolga und z\u00e4hlt rund 1,3 Millionen Einwohner. Die Stadt wurde im 10. Jahrhundert gegr\u00fcndet und war einst das Zentrum des Khanats von Kasan, bevor sie 1552 von Iwan dem Schrecklichen erobert wurde. Heute steht Kasan &hellip; <\/p>\n<p class=\"link-more\"><a href=\"https:\/\/zurich-shanghai2010.ch\/?page_id=4411\" class=\"more-link\">Mehr <span class=\"screen-reader-text\">\u00fcber &#8222;Kazan&#8220; <\/span>Lesen<\/a><\/p>\n","protected":false},"author":1,"featured_media":0,"parent":0,"menu_order":0,"comment_status":"closed","ping_status":"closed","template":"","meta":{"footnotes":""},"class_list":["post-4411","page","type-page","status-publish","hentry"],"_links":{"self":[{"href":"https:\/\/zurich-shanghai2010.ch\/index.php?rest_route=\/wp\/v2\/pages\/4411","targetHints":{"allow":["GET"]}}],"collection":[{"href":"https:\/\/zurich-shanghai2010.ch\/index.php?rest_route=\/wp\/v2\/pages"}],"about":[{"href":"https:\/\/zurich-shanghai2010.ch\/index.php?rest_route=\/wp\/v2\/types\/page"}],"author":[{"embeddable":true,"href":"https:\/\/zurich-shanghai2010.ch\/index.php?rest_route=\/wp\/v2\/users\/1"}],"replies":[{"embeddable":true,"href":"https:\/\/zurich-shanghai2010.ch\/index.php?rest_route=%2Fwp%2Fv2%2Fcomments&post=4411"}],"version-history":[{"count":6,"href":"https:\/\/zurich-shanghai2010.ch\/index.php?rest_route=\/wp\/v2\/pages\/4411\/revisions"}],"predecessor-version":[{"id":5223,"href":"https:\/\/zurich-shanghai2010.ch\/index.php?rest_route=\/wp\/v2\/pages\/4411\/revisions\/5223"}],"wp:attachment":[{"href":"https:\/\/zurich-shanghai2010.ch\/index.php?rest_route=%2Fwp%2Fv2%2Fmedia&parent=4411"}],"curies":[{"name":"wp","href":"https:\/\/api.w.org\/{rel}","templated":true}]}}