{"id":4396,"date":"2025-10-04T19:58:22","date_gmt":"2025-10-04T19:58:22","guid":{"rendered":"https:\/\/zurich-shanghai2010.ch\/wp\/?page_id=4396"},"modified":"2025-10-18T19:50:07","modified_gmt":"2025-10-18T19:50:07","slug":"minsk","status":"publish","type":"page","link":"https:\/\/zurich-shanghai2010.ch\/?page_id=4396","title":{"rendered":"Minsk"},"content":{"rendered":"\t\t<div data-elementor-type=\"wp-page\" data-elementor-id=\"4396\" class=\"elementor elementor-4396\" data-elementor-post-type=\"page\">\n\t\t\t\t\t\t<section class=\"elementor-section elementor-top-section elementor-element elementor-element-57d155f2 elementor-section-boxed elementor-section-height-default elementor-section-height-default\" data-id=\"57d155f2\" data-element_type=\"section\">\n\t\t\t\t\t\t<div class=\"elementor-container elementor-column-gap-default\">\n\t\t\t\t\t<div class=\"elementor-column elementor-col-100 elementor-top-column elementor-element elementor-element-6277ab67\" data-id=\"6277ab67\" data-element_type=\"column\">\n\t\t\t<div class=\"elementor-widget-wrap elementor-element-populated\">\n\t\t\t\t\t\t<div class=\"elementor-element elementor-element-7d985be elementor-widget elementor-widget-text-editor\" data-id=\"7d985be\" data-element_type=\"widget\" data-widget_type=\"text-editor.default\">\n\t\t\t\t<div class=\"elementor-widget-container\">\n\t\t\t\t\t\t\t\t\t<p><strong>Das politische und kulturelle Zentrum Weissrusslands<\/strong><\/p><p><strong>Eckdaten und touristische Highlights:<br \/><\/strong>Minsk, die Hauptstadt von Belarus, liegt im Herzen des Landes und z\u00e4hlt rund zwei Millionen Einwohner. Die Stadt blickt auf eine lange Geschichte bis ins 11. Jahrhundert zur\u00fcck und stand im Laufe der Zeit unter verschiedenen Herrschaften, darunter das Grossf\u00fcrstentum Litauen und die Sowjetunion. W\u00e4hrend des Zweiten Weltkriegs wurde Minsk nahezu vollst\u00e4ndig zerst\u00f6rt und sp\u00e4ter im Stil der sowjetischen Nachkriegsarchitektur wiederaufgebaut. Heute pr\u00e4gen breite Boulevards, monumentale Geb\u00e4ude und gro\u00dfz\u00fcgige Gr\u00fcnanlagen das Stadtbild. Zu den bedeutendsten Sehensw\u00fcrdigkeiten z\u00e4hlen die Unabh\u00e4ngigkeitsallee, der Siegesplatz, die Altstadt Troizkoje Predmestje und die Kathedrale des Heiligen Geistes. Auch das Opern- und Balletttheater sowie das Museum des Gro\u00dfen Vaterl\u00e4ndischen Kriegs sind eindrucksvolle Zeugnisse der belarussischen Kultur. Minsk pr\u00e4sentiert sich heute als moderne, saubere und gr\u00fcne Metropole, in der Geschichte und Gegenwart in eindrucksvoller Weise aufeinandertreffen.<\/p><p><strong>Erlebnisse:<br \/><\/strong>Die Temperaturen in Minsk sind sp\u00fcrbar tiefer und wir m\u00fcssen uns warm anziehen. Nach einer einst\u00fcndigen Massage, welche knapp USD 10.- kostet, geht es ins Dampfbad. Beat touchiert mit seinem rechten Bein eine alte Eisenstange, welche aus der Sitzbank ragt. Sie ist brandheiss und Beat zieht sich Verbrennungen zu. Mitleid gibt es im Team bekanntlich keines.<\/p>\t\t\t\t\t\t\t\t<\/div>\n\t\t\t\t<\/div>\n\t\t\t\t<div class=\"elementor-element elementor-element-c85b777 elementor-widget elementor-widget-gallery\" data-id=\"c85b777\" data-element_type=\"widget\" data-settings=\"{&quot;gallery_layout&quot;:&quot;masonry&quot;,&quot;lazyload&quot;:&quot;yes&quot;,&quot;columns&quot;:4,&quot;columns_tablet&quot;:2,&quot;columns_mobile&quot;:1,&quot;gap&quot;:{&quot;unit&quot;:&quot;px&quot;,&quot;size&quot;:10,&quot;sizes&quot;:[]},&quot;gap_tablet&quot;:{&quot;unit&quot;:&quot;px&quot;,&quot;size&quot;:10,&quot;sizes&quot;:[]},&quot;gap_mobile&quot;:{&quot;unit&quot;:&quot;px&quot;,&quot;size&quot;:10,&quot;sizes&quot;:[]},&quot;link_to&quot;:&quot;file&quot;,&quot;overlay_background&quot;:&quot;yes&quot;,&quot;content_hover_animation&quot;:&quot;fade-in&quot;}\" data-widget_type=\"gallery.default\">\n\t\t\t\t<div class=\"elementor-widget-container\">\n\t\t\t\t\t\t\t<div class=\"elementor-gallery__container\">\n\t\t\t\t\t\t\t<a class=\"e-gallery-item elementor-gallery-item elementor-animated-content\" href=\"https:\/\/zurich-shanghai2010.ch\/wp-content\/uploads\/2025\/10\/S-Minsk_132641-scaled.jpg\" data-elementor-open-lightbox=\"yes\" data-elementor-lightbox-slideshow=\"c85b777\" data-elementor-lightbox-title=\"S-Minsk_132641\" data-e-action-hash=\"#elementor-action%3Aaction%3Dlightbox%26settings%3DeyJpZCI6NTEzMiwidXJsIjoiaHR0cHM6XC9cL3p1cmljaC1zaGFuZ2hhaTIwMTAuY2hcL3dwLWNvbnRlbnRcL3VwbG9hZHNcLzIwMjVcLzEwXC9TLU1pbnNrXzEzMjY0MS1zY2FsZWQuanBnIiwic2xpZGVzaG93IjoiYzg1Yjc3NyJ9\">\n\t\t\t\t\t<div class=\"e-gallery-image elementor-gallery-item__image\" data-thumbnail=\"https:\/\/zurich-shanghai2010.ch\/wp-content\/uploads\/2025\/10\/S-Minsk_132641-300x225.jpg\" data-width=\"300\" data-height=\"225\" aria-label=\"\" role=\"img\" ><\/div>\n\t\t\t\t\t\t\t\t\t\t\t<div class=\"elementor-gallery-item__overlay\"><\/div>\n\t\t\t\t\t\t\t\t\t\t\t\t\t\t<\/a>\n\t\t\t\t\t\t\t<a class=\"e-gallery-item elementor-gallery-item elementor-animated-content\" href=\"https:\/\/zurich-shanghai2010.ch\/wp-content\/uploads\/2025\/10\/S-Minsk_110939-scaled.jpg\" data-elementor-open-lightbox=\"yes\" data-elementor-lightbox-slideshow=\"c85b777\" data-elementor-lightbox-title=\"S-Minsk_110939\" data-e-action-hash=\"#elementor-action%3Aaction%3Dlightbox%26settings%3DeyJpZCI6NTEzNCwidXJsIjoiaHR0cHM6XC9cL3p1cmljaC1zaGFuZ2hhaTIwMTAuY2hcL3dwLWNvbnRlbnRcL3VwbG9hZHNcLzIwMjVcLzEwXC9TLU1pbnNrXzExMDkzOS1zY2FsZWQuanBnIiwic2xpZGVzaG93IjoiYzg1Yjc3NyJ9\">\n\t\t\t\t\t<div class=\"e-gallery-image elementor-gallery-item__image\" data-thumbnail=\"https:\/\/zurich-shanghai2010.ch\/wp-content\/uploads\/2025\/10\/S-Minsk_110939-300x225.jpg\" data-width=\"300\" data-height=\"225\" aria-label=\"\" role=\"img\" ><\/div>\n\t\t\t\t\t\t\t\t\t\t\t<div class=\"elementor-gallery-item__overlay\"><\/div>\n\t\t\t\t\t\t\t\t\t\t\t\t\t\t<\/a>\n\t\t\t\t\t\t\t<a class=\"e-gallery-item elementor-gallery-item elementor-animated-content\" href=\"https:\/\/zurich-shanghai2010.ch\/wp-content\/uploads\/2025\/10\/S-Minsk_085822.jpg\" data-elementor-open-lightbox=\"yes\" data-elementor-lightbox-slideshow=\"c85b777\" data-elementor-lightbox-title=\"OLYMPUS DIGITAL CAMERA\" data-e-action-hash=\"#elementor-action%3Aaction%3Dlightbox%26settings%3DeyJpZCI6NTEzNywidXJsIjoiaHR0cHM6XC9cL3p1cmljaC1zaGFuZ2hhaTIwMTAuY2hcL3dwLWNvbnRlbnRcL3VwbG9hZHNcLzIwMjVcLzEwXC9TLU1pbnNrXzA4NTgyMi5qcGciLCJzbGlkZXNob3ciOiJjODViNzc3In0%3D\">\n\t\t\t\t\t<div class=\"e-gallery-image elementor-gallery-item__image\" data-thumbnail=\"https:\/\/zurich-shanghai2010.ch\/wp-content\/uploads\/2025\/10\/S-Minsk_085822-300x225.jpg\" data-width=\"300\" data-height=\"225\" aria-label=\"\" role=\"img\" ><\/div>\n\t\t\t\t\t\t\t\t\t\t\t<div class=\"elementor-gallery-item__overlay\"><\/div>\n\t\t\t\t\t\t\t\t\t\t\t\t\t\t<\/a>\n\t\t\t\t\t\t\t<a class=\"e-gallery-item elementor-gallery-item elementor-animated-content\" href=\"https:\/\/zurich-shanghai2010.ch\/wp-content\/uploads\/2025\/10\/S-Minsk_090140.jpg\" data-elementor-open-lightbox=\"yes\" data-elementor-lightbox-slideshow=\"c85b777\" data-elementor-lightbox-title=\"OLYMPUS DIGITAL CAMERA\" data-e-action-hash=\"#elementor-action%3Aaction%3Dlightbox%26settings%3DeyJpZCI6NTEzNiwidXJsIjoiaHR0cHM6XC9cL3p1cmljaC1zaGFuZ2hhaTIwMTAuY2hcL3dwLWNvbnRlbnRcL3VwbG9hZHNcLzIwMjVcLzEwXC9TLU1pbnNrXzA5MDE0MC5qcGciLCJzbGlkZXNob3ciOiJjODViNzc3In0%3D\">\n\t\t\t\t\t<div class=\"e-gallery-image elementor-gallery-item__image\" data-thumbnail=\"https:\/\/zurich-shanghai2010.ch\/wp-content\/uploads\/2025\/10\/S-Minsk_090140-300x225.jpg\" data-width=\"300\" data-height=\"225\" aria-label=\"\" role=\"img\" ><\/div>\n\t\t\t\t\t\t\t\t\t\t\t<div class=\"elementor-gallery-item__overlay\"><\/div>\n\t\t\t\t\t\t\t\t\t\t\t\t\t\t<\/a>\n\t\t\t\t\t\t\t<a class=\"e-gallery-item elementor-gallery-item elementor-animated-content\" href=\"https:\/\/zurich-shanghai2010.ch\/wp-content\/uploads\/2025\/10\/S-Minsk_102942.jpg\" data-elementor-open-lightbox=\"yes\" data-elementor-lightbox-slideshow=\"c85b777\" data-elementor-lightbox-title=\"OLYMPUS DIGITAL CAMERA\" data-e-action-hash=\"#elementor-action%3Aaction%3Dlightbox%26settings%3DeyJpZCI6NTEzNSwidXJsIjoiaHR0cHM6XC9cL3p1cmljaC1zaGFuZ2hhaTIwMTAuY2hcL3dwLWNvbnRlbnRcL3VwbG9hZHNcLzIwMjVcLzEwXC9TLU1pbnNrXzEwMjk0Mi5qcGciLCJzbGlkZXNob3ciOiJjODViNzc3In0%3D\">\n\t\t\t\t\t<div class=\"e-gallery-image elementor-gallery-item__image\" data-thumbnail=\"https:\/\/zurich-shanghai2010.ch\/wp-content\/uploads\/2025\/10\/S-Minsk_102942-300x225.jpg\" data-width=\"300\" data-height=\"225\" aria-label=\"\" role=\"img\" ><\/div>\n\t\t\t\t\t\t\t\t\t\t\t<div class=\"elementor-gallery-item__overlay\"><\/div>\n\t\t\t\t\t\t\t\t\t\t\t\t\t\t<\/a>\n\t\t\t\t\t\t\t<a class=\"e-gallery-item elementor-gallery-item elementor-animated-content\" href=\"https:\/\/zurich-shanghai2010.ch\/wp-content\/uploads\/2025\/10\/S-Minsk_114759.jpg\" data-elementor-open-lightbox=\"yes\" data-elementor-lightbox-slideshow=\"c85b777\" data-elementor-lightbox-title=\"OLYMPUS DIGITAL CAMERA\" data-e-action-hash=\"#elementor-action%3Aaction%3Dlightbox%26settings%3DeyJpZCI6NTEzMywidXJsIjoiaHR0cHM6XC9cL3p1cmljaC1zaGFuZ2hhaTIwMTAuY2hcL3dwLWNvbnRlbnRcL3VwbG9hZHNcLzIwMjVcLzEwXC9TLU1pbnNrXzExNDc1OS5qcGciLCJzbGlkZXNob3ciOiJjODViNzc3In0%3D\">\n\t\t\t\t\t<div class=\"e-gallery-image elementor-gallery-item__image\" data-thumbnail=\"https:\/\/zurich-shanghai2010.ch\/wp-content\/uploads\/2025\/10\/S-Minsk_114759-225x300.jpg\" data-width=\"225\" data-height=\"300\" aria-label=\"\" role=\"img\" ><\/div>\n\t\t\t\t\t\t\t\t\t\t\t<div class=\"elementor-gallery-item__overlay\"><\/div>\n\t\t\t\t\t\t\t\t\t\t\t\t\t\t<\/a>\n\t\t\t\t\t\t\t<a class=\"e-gallery-item elementor-gallery-item elementor-animated-content\" href=\"https:\/\/zurich-shanghai2010.ch\/wp-content\/uploads\/2025\/10\/S-Minsk_132654-scaled.jpg\" data-elementor-open-lightbox=\"yes\" data-elementor-lightbox-slideshow=\"c85b777\" data-elementor-lightbox-title=\"S-Minsk_132654\" data-e-action-hash=\"#elementor-action%3Aaction%3Dlightbox%26settings%3DeyJpZCI6NTEzMSwidXJsIjoiaHR0cHM6XC9cL3p1cmljaC1zaGFuZ2hhaTIwMTAuY2hcL3dwLWNvbnRlbnRcL3VwbG9hZHNcLzIwMjVcLzEwXC9TLU1pbnNrXzEzMjY1NC1zY2FsZWQuanBnIiwic2xpZGVzaG93IjoiYzg1Yjc3NyJ9\">\n\t\t\t\t\t<div class=\"e-gallery-image elementor-gallery-item__image\" data-thumbnail=\"https:\/\/zurich-shanghai2010.ch\/wp-content\/uploads\/2025\/10\/S-Minsk_132654-300x225.jpg\" data-width=\"300\" data-height=\"225\" aria-label=\"\" role=\"img\" ><\/div>\n\t\t\t\t\t\t\t\t\t\t\t<div class=\"elementor-gallery-item__overlay\"><\/div>\n\t\t\t\t\t\t\t\t\t\t\t\t\t\t<\/a>\n\t\t\t\t\t\t\t<a class=\"e-gallery-item elementor-gallery-item elementor-animated-content\" href=\"https:\/\/zurich-shanghai2010.ch\/wp-content\/uploads\/2025\/10\/S-Minsk_135126-scaled.jpg\" data-elementor-open-lightbox=\"yes\" data-elementor-lightbox-slideshow=\"c85b777\" data-elementor-lightbox-title=\"S-Minsk_135126\" data-e-action-hash=\"#elementor-action%3Aaction%3Dlightbox%26settings%3DeyJpZCI6NTEyNywidXJsIjoiaHR0cHM6XC9cL3p1cmljaC1zaGFuZ2hhaTIwMTAuY2hcL3dwLWNvbnRlbnRcL3VwbG9hZHNcLzIwMjVcLzEwXC9TLU1pbnNrXzEzNTEyNi1zY2FsZWQuanBnIiwic2xpZGVzaG93IjoiYzg1Yjc3NyJ9\">\n\t\t\t\t\t<div class=\"e-gallery-image elementor-gallery-item__image\" data-thumbnail=\"https:\/\/zurich-shanghai2010.ch\/wp-content\/uploads\/2025\/10\/S-Minsk_135126-225x300.jpg\" data-width=\"225\" data-height=\"300\" aria-label=\"\" role=\"img\" ><\/div>\n\t\t\t\t\t\t\t\t\t\t\t<div class=\"elementor-gallery-item__overlay\"><\/div>\n\t\t\t\t\t\t\t\t\t\t\t\t\t\t<\/a>\n\t\t\t\t\t\t\t<a class=\"e-gallery-item elementor-gallery-item elementor-animated-content\" href=\"https:\/\/zurich-shanghai2010.ch\/wp-content\/uploads\/2025\/10\/S-Minsk_160433-scaled.jpg\" data-elementor-open-lightbox=\"yes\" data-elementor-lightbox-slideshow=\"c85b777\" data-elementor-lightbox-title=\"S-Minsk_160433\" data-e-action-hash=\"#elementor-action%3Aaction%3Dlightbox%26settings%3DeyJpZCI6NTEyNSwidXJsIjoiaHR0cHM6XC9cL3p1cmljaC1zaGFuZ2hhaTIwMTAuY2hcL3dwLWNvbnRlbnRcL3VwbG9hZHNcLzIwMjVcLzEwXC9TLU1pbnNrXzE2MDQzMy1zY2FsZWQuanBnIiwic2xpZGVzaG93IjoiYzg1Yjc3NyJ9\">\n\t\t\t\t\t<div class=\"e-gallery-image elementor-gallery-item__image\" data-thumbnail=\"https:\/\/zurich-shanghai2010.ch\/wp-content\/uploads\/2025\/10\/S-Minsk_160433-300x225.jpg\" data-width=\"300\" data-height=\"225\" aria-label=\"\" role=\"img\" ><\/div>\n\t\t\t\t\t\t\t\t\t\t\t<div class=\"elementor-gallery-item__overlay\"><\/div>\n\t\t\t\t\t\t\t\t\t\t\t\t\t\t<\/a>\n\t\t\t\t\t\t\t<a class=\"e-gallery-item elementor-gallery-item elementor-animated-content\" href=\"https:\/\/zurich-shanghai2010.ch\/wp-content\/uploads\/2025\/10\/S-Minsk_150507-scaled.jpg\" data-elementor-open-lightbox=\"yes\" data-elementor-lightbox-slideshow=\"c85b777\" data-elementor-lightbox-title=\"S-Minsk_150507\" data-e-action-hash=\"#elementor-action%3Aaction%3Dlightbox%26settings%3DeyJpZCI6NTEyNiwidXJsIjoiaHR0cHM6XC9cL3p1cmljaC1zaGFuZ2hhaTIwMTAuY2hcL3dwLWNvbnRlbnRcL3VwbG9hZHNcLzIwMjVcLzEwXC9TLU1pbnNrXzE1MDUwNy1zY2FsZWQuanBnIiwic2xpZGVzaG93IjoiYzg1Yjc3NyJ9\">\n\t\t\t\t\t<div class=\"e-gallery-image elementor-gallery-item__image\" data-thumbnail=\"https:\/\/zurich-shanghai2010.ch\/wp-content\/uploads\/2025\/10\/S-Minsk_150507-300x225.jpg\" data-width=\"300\" data-height=\"225\" aria-label=\"\" role=\"img\" ><\/div>\n\t\t\t\t\t\t\t\t\t\t\t<div class=\"elementor-gallery-item__overlay\"><\/div>\n\t\t\t\t\t\t\t\t\t\t\t\t\t\t<\/a>\n\t\t\t\t\t\t\t<a class=\"e-gallery-item elementor-gallery-item elementor-animated-content\" href=\"https:\/\/zurich-shanghai2010.ch\/wp-content\/uploads\/2025\/10\/S-Minsk_160530-scaled.jpg\" data-elementor-open-lightbox=\"yes\" data-elementor-lightbox-slideshow=\"c85b777\" data-elementor-lightbox-title=\"S-Minsk_160530\" data-e-action-hash=\"#elementor-action%3Aaction%3Dlightbox%26settings%3DeyJpZCI6NTEyNCwidXJsIjoiaHR0cHM6XC9cL3p1cmljaC1zaGFuZ2hhaTIwMTAuY2hcL3dwLWNvbnRlbnRcL3VwbG9hZHNcLzIwMjVcLzEwXC9TLU1pbnNrXzE2MDUzMC1zY2FsZWQuanBnIiwic2xpZGVzaG93IjoiYzg1Yjc3NyJ9\">\n\t\t\t\t\t<div class=\"e-gallery-image elementor-gallery-item__image\" data-thumbnail=\"https:\/\/zurich-shanghai2010.ch\/wp-content\/uploads\/2025\/10\/S-Minsk_160530-300x225.jpg\" data-width=\"300\" data-height=\"225\" aria-label=\"\" role=\"img\" ><\/div>\n\t\t\t\t\t\t\t\t\t\t\t<div class=\"elementor-gallery-item__overlay\"><\/div>\n\t\t\t\t\t\t\t\t\t\t\t\t\t\t<\/a>\n\t\t\t\t\t\t\t<a class=\"e-gallery-item elementor-gallery-item elementor-animated-content\" href=\"https:\/\/zurich-shanghai2010.ch\/wp-content\/uploads\/2025\/10\/S-Minsk_163024-scaled.jpg\" data-elementor-open-lightbox=\"yes\" data-elementor-lightbox-slideshow=\"c85b777\" data-elementor-lightbox-title=\"S-Minsk_163024\" data-e-action-hash=\"#elementor-action%3Aaction%3Dlightbox%26settings%3DeyJpZCI6NTEyMiwidXJsIjoiaHR0cHM6XC9cL3p1cmljaC1zaGFuZ2hhaTIwMTAuY2hcL3dwLWNvbnRlbnRcL3VwbG9hZHNcLzIwMjVcLzEwXC9TLU1pbnNrXzE2MzAyNC1zY2FsZWQuanBnIiwic2xpZGVzaG93IjoiYzg1Yjc3NyJ9\">\n\t\t\t\t\t<div class=\"e-gallery-image elementor-gallery-item__image\" data-thumbnail=\"https:\/\/zurich-shanghai2010.ch\/wp-content\/uploads\/2025\/10\/S-Minsk_163024-300x225.jpg\" data-width=\"300\" data-height=\"225\" aria-label=\"\" role=\"img\" ><\/div>\n\t\t\t\t\t\t\t\t\t\t\t<div class=\"elementor-gallery-item__overlay\"><\/div>\n\t\t\t\t\t\t\t\t\t\t\t\t\t\t<\/a>\n\t\t\t\t\t\t\t<a class=\"e-gallery-item elementor-gallery-item elementor-animated-content\" href=\"https:\/\/zurich-shanghai2010.ch\/wp-content\/uploads\/2025\/10\/S-Minsk_162923-scaled.jpg\" data-elementor-open-lightbox=\"yes\" data-elementor-lightbox-slideshow=\"c85b777\" data-elementor-lightbox-title=\"S-Minsk_162923\" data-e-action-hash=\"#elementor-action%3Aaction%3Dlightbox%26settings%3DeyJpZCI6NTEyMywidXJsIjoiaHR0cHM6XC9cL3p1cmljaC1zaGFuZ2hhaTIwMTAuY2hcL3dwLWNvbnRlbnRcL3VwbG9hZHNcLzIwMjVcLzEwXC9TLU1pbnNrXzE2MjkyMy1zY2FsZWQuanBnIiwic2xpZGVzaG93IjoiYzg1Yjc3NyJ9\">\n\t\t\t\t\t<div class=\"e-gallery-image elementor-gallery-item__image\" data-thumbnail=\"https:\/\/zurich-shanghai2010.ch\/wp-content\/uploads\/2025\/10\/S-Minsk_162923-300x225.jpg\" data-width=\"300\" data-height=\"225\" aria-label=\"\" role=\"img\" ><\/div>\n\t\t\t\t\t\t\t\t\t\t\t<div class=\"elementor-gallery-item__overlay\"><\/div>\n\t\t\t\t\t\t\t\t\t\t\t\t\t\t<\/a>\n\t\t\t\t\t\t\t<a class=\"e-gallery-item elementor-gallery-item elementor-animated-content\" href=\"https:\/\/zurich-shanghai2010.ch\/wp-content\/uploads\/2025\/10\/S-Minsk_164025-scaled.jpg\" data-elementor-open-lightbox=\"yes\" data-elementor-lightbox-slideshow=\"c85b777\" data-elementor-lightbox-title=\"S-Minsk_164025\" data-e-action-hash=\"#elementor-action%3Aaction%3Dlightbox%26settings%3DeyJpZCI6NTEyMSwidXJsIjoiaHR0cHM6XC9cL3p1cmljaC1zaGFuZ2hhaTIwMTAuY2hcL3dwLWNvbnRlbnRcL3VwbG9hZHNcLzIwMjVcLzEwXC9TLU1pbnNrXzE2NDAyNS1zY2FsZWQuanBnIiwic2xpZGVzaG93IjoiYzg1Yjc3NyJ9\">\n\t\t\t\t\t<div class=\"e-gallery-image elementor-gallery-item__image\" data-thumbnail=\"https:\/\/zurich-shanghai2010.ch\/wp-content\/uploads\/2025\/10\/S-Minsk_164025-300x225.jpg\" data-width=\"300\" data-height=\"225\" aria-label=\"\" role=\"img\" ><\/div>\n\t\t\t\t\t\t\t\t\t\t\t<div class=\"elementor-gallery-item__overlay\"><\/div>\n\t\t\t\t\t\t\t\t\t\t\t\t\t\t<\/a>\n\t\t\t\t\t\t\t<a class=\"e-gallery-item elementor-gallery-item elementor-animated-content\" href=\"https:\/\/zurich-shanghai2010.ch\/wp-content\/uploads\/2025\/10\/S-Minsk_174430-scaled.jpg\" data-elementor-open-lightbox=\"yes\" data-elementor-lightbox-slideshow=\"c85b777\" data-elementor-lightbox-title=\"S-Minsk_174430\" data-e-action-hash=\"#elementor-action%3Aaction%3Dlightbox%26settings%3DeyJpZCI6NTEyMCwidXJsIjoiaHR0cHM6XC9cL3p1cmljaC1zaGFuZ2hhaTIwMTAuY2hcL3dwLWNvbnRlbnRcL3VwbG9hZHNcLzIwMjVcLzEwXC9TLU1pbnNrXzE3NDQzMC1zY2FsZWQuanBnIiwic2xpZGVzaG93IjoiYzg1Yjc3NyJ9\">\n\t\t\t\t\t<div class=\"e-gallery-image elementor-gallery-item__image\" data-thumbnail=\"https:\/\/zurich-shanghai2010.ch\/wp-content\/uploads\/2025\/10\/S-Minsk_174430-300x225.jpg\" data-width=\"300\" data-height=\"225\" aria-label=\"\" role=\"img\" ><\/div>\n\t\t\t\t\t\t\t\t\t\t\t<div class=\"elementor-gallery-item__overlay\"><\/div>\n\t\t\t\t\t\t\t\t\t\t\t\t\t\t<\/a>\n\t\t\t\t\t\t\t<a class=\"e-gallery-item elementor-gallery-item elementor-animated-content\" href=\"https:\/\/zurich-shanghai2010.ch\/wp-content\/uploads\/2025\/10\/S-Minsk_194713-scaled.jpg\" data-elementor-open-lightbox=\"yes\" data-elementor-lightbox-slideshow=\"c85b777\" data-elementor-lightbox-title=\"S-Minsk_194713\" data-e-action-hash=\"#elementor-action%3Aaction%3Dlightbox%26settings%3DeyJpZCI6NTExOSwidXJsIjoiaHR0cHM6XC9cL3p1cmljaC1zaGFuZ2hhaTIwMTAuY2hcL3dwLWNvbnRlbnRcL3VwbG9hZHNcLzIwMjVcLzEwXC9TLU1pbnNrXzE5NDcxMy1zY2FsZWQuanBnIiwic2xpZGVzaG93IjoiYzg1Yjc3NyJ9\">\n\t\t\t\t\t<div class=\"e-gallery-image elementor-gallery-item__image\" data-thumbnail=\"https:\/\/zurich-shanghai2010.ch\/wp-content\/uploads\/2025\/10\/S-Minsk_194713-225x300.jpg\" data-width=\"225\" data-height=\"300\" aria-label=\"\" role=\"img\" ><\/div>\n\t\t\t\t\t\t\t\t\t\t\t<div class=\"elementor-gallery-item__overlay\"><\/div>\n\t\t\t\t\t\t\t\t\t\t\t\t\t\t<\/a>\n\t\t\t\t\t\t\t<a class=\"e-gallery-item elementor-gallery-item elementor-animated-content\" href=\"https:\/\/zurich-shanghai2010.ch\/wp-content\/uploads\/2025\/10\/S-Minsk_212950-scaled.jpg\" data-elementor-open-lightbox=\"yes\" data-elementor-lightbox-slideshow=\"c85b777\" data-elementor-lightbox-title=\"S-Minsk_212950\" data-e-action-hash=\"#elementor-action%3Aaction%3Dlightbox%26settings%3DeyJpZCI6NTExOCwidXJsIjoiaHR0cHM6XC9cL3p1cmljaC1zaGFuZ2hhaTIwMTAuY2hcL3dwLWNvbnRlbnRcL3VwbG9hZHNcLzIwMjVcLzEwXC9TLU1pbnNrXzIxMjk1MC1zY2FsZWQuanBnIiwic2xpZGVzaG93IjoiYzg1Yjc3NyJ9\">\n\t\t\t\t\t<div class=\"e-gallery-image elementor-gallery-item__image\" data-thumbnail=\"https:\/\/zurich-shanghai2010.ch\/wp-content\/uploads\/2025\/10\/S-Minsk_212950-300x225.jpg\" data-width=\"300\" data-height=\"225\" aria-label=\"\" role=\"img\" ><\/div>\n\t\t\t\t\t\t\t\t\t\t\t<div class=\"elementor-gallery-item__overlay\"><\/div>\n\t\t\t\t\t\t\t\t\t\t\t\t\t\t<\/a>\n\t\t\t\t\t<\/div>\n\t\t\t\t\t<\/div>\n\t\t\t\t<\/div>\n\t\t\t\t\t<\/div>\n\t\t<\/div>\n\t\t\t\t\t<\/div>\n\t\t<\/section>\n\t\t\t\t<\/div>\n\t\t","protected":false},"excerpt":{"rendered":"<p>Das politische und kulturelle Zentrum Weissrusslands Eckdaten und touristische Highlights:Minsk, die Hauptstadt von Belarus, liegt im Herzen des Landes und z\u00e4hlt rund zwei Millionen Einwohner. Die Stadt blickt auf eine lange Geschichte bis ins 11. Jahrhundert zur\u00fcck und stand im Laufe der Zeit unter verschiedenen Herrschaften, darunter das Grossf\u00fcrstentum Litauen und die Sowjetunion. W\u00e4hrend des &hellip; <\/p>\n<p class=\"link-more\"><a href=\"https:\/\/zurich-shanghai2010.ch\/?page_id=4396\" class=\"more-link\">Mehr <span class=\"screen-reader-text\">\u00fcber &#8222;Minsk&#8220; <\/span>Lesen<\/a><\/p>\n","protected":false},"author":1,"featured_media":0,"parent":0,"menu_order":0,"comment_status":"closed","ping_status":"closed","template":"","meta":{"footnotes":""},"class_list":["post-4396","page","type-page","status-publish","hentry"],"_links":{"self":[{"href":"https:\/\/zurich-shanghai2010.ch\/index.php?rest_route=\/wp\/v2\/pages\/4396","targetHints":{"allow":["GET"]}}],"collection":[{"href":"https:\/\/zurich-shanghai2010.ch\/index.php?rest_route=\/wp\/v2\/pages"}],"about":[{"href":"https:\/\/zurich-shanghai2010.ch\/index.php?rest_route=\/wp\/v2\/types\/page"}],"author":[{"embeddable":true,"href":"https:\/\/zurich-shanghai2010.ch\/index.php?rest_route=\/wp\/v2\/users\/1"}],"replies":[{"embeddable":true,"href":"https:\/\/zurich-shanghai2010.ch\/index.php?rest_route=%2Fwp%2Fv2%2Fcomments&post=4396"}],"version-history":[{"count":9,"href":"https:\/\/zurich-shanghai2010.ch\/index.php?rest_route=\/wp\/v2\/pages\/4396\/revisions"}],"predecessor-version":[{"id":5217,"href":"https:\/\/zurich-shanghai2010.ch\/index.php?rest_route=\/wp\/v2\/pages\/4396\/revisions\/5217"}],"wp:attachment":[{"href":"https:\/\/zurich-shanghai2010.ch\/index.php?rest_route=%2Fwp%2Fv2%2Fmedia&parent=4396"}],"curies":[{"name":"wp","href":"https:\/\/api.w.org\/{rel}","templated":true}]}}