{"id":3942,"date":"2025-09-28T21:25:18","date_gmt":"2025-09-28T21:25:18","guid":{"rendered":"https:\/\/zurich-shanghai2010.ch\/wp\/?page_id=3942"},"modified":"2025-10-05T16:59:51","modified_gmt":"2025-10-05T16:59:51","slug":"tv-beitraege","status":"publish","type":"page","link":"https:\/\/zurich-shanghai2010.ch\/?page_id=3942","title":{"rendered":"TV-Beitr\u00e4ge"},"content":{"rendered":"\t\t<div data-elementor-type=\"wp-page\" data-elementor-id=\"3942\" class=\"elementor elementor-3942\" data-elementor-post-type=\"page\">\n\t\t\t\t\t\t<section class=\"elementor-section elementor-top-section elementor-element elementor-element-d33a901 elementor-section-boxed elementor-section-height-default elementor-section-height-default\" data-id=\"d33a901\" data-element_type=\"section\">\n\t\t\t\t\t\t<div class=\"elementor-container elementor-column-gap-default\">\n\t\t\t\t\t<div class=\"elementor-column elementor-col-100 elementor-top-column elementor-element elementor-element-547ad9a\" data-id=\"547ad9a\" data-element_type=\"column\">\n\t\t\t<div class=\"elementor-widget-wrap elementor-element-populated\">\n\t\t\t\t\t\t<div class=\"elementor-element elementor-element-99bd75f elementor-widget elementor-widget-text-editor\" data-id=\"99bd75f\" data-element_type=\"widget\" data-widget_type=\"text-editor.default\">\n\t\t\t\t<div class=\"elementor-widget-container\">\n\t\t\t\t\t\t\t\t\t<p>Unser Projekt hat auch grosses Medien-Echo erzeugt, was uns sehr gefreut und auch Stolz gemacht hat.<\/p>\t\t\t\t\t\t\t\t<\/div>\n\t\t\t\t<\/div>\n\t\t\t\t\t<\/div>\n\t\t<\/div>\n\t\t\t\t\t<\/div>\n\t\t<\/section>\n\t\t\t\t<section class=\"elementor-section elementor-top-section elementor-element elementor-element-8ebe699 elementor-section-boxed elementor-section-height-default elementor-section-height-default\" data-id=\"8ebe699\" data-element_type=\"section\">\n\t\t\t\t\t\t<div class=\"elementor-container elementor-column-gap-default\">\n\t\t\t\t\t<div class=\"elementor-column elementor-col-50 elementor-top-column elementor-element elementor-element-5a5d066\" data-id=\"5a5d066\" data-element_type=\"column\">\n\t\t\t<div class=\"elementor-widget-wrap elementor-element-populated\">\n\t\t\t\t\t\t<div class=\"elementor-element elementor-element-0e5f4dd elementor-widget elementor-widget-text-editor\" data-id=\"0e5f4dd\" data-element_type=\"widget\" data-widget_type=\"text-editor.default\">\n\t\t\t\t<div class=\"elementor-widget-container\">\n\t\t\t\t\t\t\t\t\t<p style=\"text-align: center;\"><strong>Tele Z\u00fcri<\/strong><\/p>\t\t\t\t\t\t\t\t<\/div>\n\t\t\t\t<\/div>\n\t\t\t\t<div class=\"elementor-element elementor-element-5eb9599 elementor-widget elementor-widget-image\" data-id=\"5eb9599\" data-element_type=\"widget\" data-widget_type=\"image.default\">\n\t\t\t\t<div class=\"elementor-widget-container\">\n\t\t\t\t\t\t\t\t\t\t\t\t<figure class=\"wp-caption\">\n\t\t\t\t\t\t\t\t\t\t\t<a href=\"https:\/\/skillpartners.docsend.com\/view\/mztdbb8h92ibsu8e\" target=\"_blank\">\n\t\t\t\t\t\t\t<img fetchpriority=\"high\" decoding=\"async\" width=\"768\" height=\"511\" src=\"https:\/\/zurich-shanghai2010.ch\/wp-content\/uploads\/2025\/09\/Video-Bild-TalkTaeglich.jpg\" class=\"attachment-medium_large size-medium_large wp-image-4106\" alt=\"\" srcset=\"https:\/\/zurich-shanghai2010.ch\/wp-content\/uploads\/2025\/09\/Video-Bild-TalkTaeglich.jpg 1247w, https:\/\/zurich-shanghai2010.ch\/wp-content\/uploads\/2025\/09\/Video-Bild-TalkTaeglich-300x200.jpg 300w, https:\/\/zurich-shanghai2010.ch\/wp-content\/uploads\/2025\/09\/Video-Bild-TalkTaeglich-1024x682.jpg 1024w\" sizes=\"100vw\" \/>\t\t\t\t\t\t\t\t<\/a>\n\t\t\t\t\t\t\t\t\t\t\t<figcaption class=\"widget-image-caption wp-caption-text\">Talk T\u00e4glich zu Paradeplatz - Roter Platz 2006<\/figcaption>\n\t\t\t\t\t\t\t\t\t\t<\/figure>\n\t\t\t\t\t\t\t\t\t<\/div>\n\t\t\t\t<\/div>\n\t\t\t\t\t<\/div>\n\t\t<\/div>\n\t\t\t\t<div class=\"elementor-column elementor-col-50 elementor-top-column elementor-element elementor-element-c7a344e\" data-id=\"c7a344e\" data-element_type=\"column\">\n\t\t\t<div class=\"elementor-widget-wrap elementor-element-populated\">\n\t\t\t\t\t\t<div class=\"elementor-element elementor-element-0e16f4f elementor-widget elementor-widget-text-editor\" data-id=\"0e16f4f\" data-element_type=\"widget\" data-widget_type=\"text-editor.default\">\n\t\t\t\t<div class=\"elementor-widget-container\">\n\t\t\t\t\t\t\t\t\t<p style=\"text-align: center;\"><strong>Central China TV (CCTV)<\/strong><\/p>\t\t\t\t\t\t\t\t<\/div>\n\t\t\t\t<\/div>\n\t\t\t\t<div class=\"elementor-element elementor-element-f796f93 elementor-widget elementor-widget-image\" data-id=\"f796f93\" data-element_type=\"widget\" data-widget_type=\"image.default\">\n\t\t\t\t<div class=\"elementor-widget-container\">\n\t\t\t\t\t\t\t\t\t\t\t\t<figure class=\"wp-caption\">\n\t\t\t\t\t\t\t\t\t\t\t<a href=\"https:\/\/skillpartners.docsend.com\/view\/fihdfnerc4bztun6\" target=\"_blank\">\n\t\t\t\t\t\t\t<img decoding=\"async\" width=\"950\" height=\"635\" src=\"https:\/\/zurich-shanghai2010.ch\/wp-content\/uploads\/2025\/09\/Video-Bild-CCTV-1024x685.jpg\" class=\"attachment-large size-large wp-image-4145\" alt=\"\" srcset=\"https:\/\/zurich-shanghai2010.ch\/wp-content\/uploads\/2025\/09\/Video-Bild-CCTV-1024x685.jpg 1024w, https:\/\/zurich-shanghai2010.ch\/wp-content\/uploads\/2025\/09\/Video-Bild-CCTV-300x201.jpg 300w, https:\/\/zurich-shanghai2010.ch\/wp-content\/uploads\/2025\/09\/Video-Bild-CCTV.jpg 1343w\" sizes=\"100vw\" \/>\t\t\t\t\t\t\t\t<\/a>\n\t\t\t\t\t\t\t\t\t\t\t<figcaption class=\"widget-image-caption wp-caption-text\">Bericht \u00fcber unseren Auftritt an der Expo 2010 im Swiss Pavilion<\/figcaption>\n\t\t\t\t\t\t\t\t\t\t<\/figure>\n\t\t\t\t\t\t\t\t\t<\/div>\n\t\t\t\t<\/div>\n\t\t\t\t\t<\/div>\n\t\t<\/div>\n\t\t\t\t\t<\/div>\n\t\t<\/section>\n\t\t\t\t<section class=\"elementor-section elementor-top-section elementor-element elementor-element-75cd0e9 elementor-section-boxed elementor-section-height-default elementor-section-height-default\" data-id=\"75cd0e9\" data-element_type=\"section\">\n\t\t\t\t\t\t<div class=\"elementor-container elementor-column-gap-default\">\n\t\t\t\t\t<div class=\"elementor-column elementor-col-50 elementor-top-column elementor-element elementor-element-793dbfb\" data-id=\"793dbfb\" data-element_type=\"column\">\n\t\t\t<div class=\"elementor-widget-wrap elementor-element-populated\">\n\t\t\t\t\t\t<div class=\"elementor-element elementor-element-993a59d elementor-widget elementor-widget-text-editor\" data-id=\"993a59d\" data-element_type=\"widget\" data-widget_type=\"text-editor.default\">\n\t\t\t\t<div class=\"elementor-widget-container\">\n\t\t\t\t\t\t\t\t\t<p><strong>Tianjin TV<\/strong><\/p>\t\t\t\t\t\t\t\t<\/div>\n\t\t\t\t<\/div>\n\t\t\t\t<div class=\"elementor-element elementor-element-e41700c elementor-widget elementor-widget-image\" data-id=\"e41700c\" data-element_type=\"widget\" data-widget_type=\"image.default\">\n\t\t\t\t<div class=\"elementor-widget-container\">\n\t\t\t\t\t\t\t\t\t\t\t\t<figure class=\"wp-caption\">\n\t\t\t\t\t\t\t\t\t\t\t<a href=\"https:\/\/skillpartners.docsend.com\/view\/cqtea4z3trz4n3km\" target=\"_blank\">\n\t\t\t\t\t\t\t<img decoding=\"async\" width=\"950\" height=\"712\" src=\"https:\/\/zurich-shanghai2010.ch\/wp-content\/uploads\/2025\/09\/Video-Bild-Tianjin-TV-1024x767.jpg\" class=\"attachment-large size-large wp-image-4107\" alt=\"\" srcset=\"https:\/\/zurich-shanghai2010.ch\/wp-content\/uploads\/2025\/09\/Video-Bild-Tianjin-TV-1024x767.jpg 1024w, https:\/\/zurich-shanghai2010.ch\/wp-content\/uploads\/2025\/09\/Video-Bild-Tianjin-TV-300x225.jpg 300w, https:\/\/zurich-shanghai2010.ch\/wp-content\/uploads\/2025\/09\/Video-Bild-Tianjin-TV.jpg 1217w\" sizes=\"100vw\" \/>\t\t\t\t\t\t\t\t<\/a>\n\t\t\t\t\t\t\t\t\t\t\t<figcaption class=\"widget-image-caption wp-caption-text\">Bericht \u00fcber unseren Besuch des SOS Kinderdorfs 2010<\/figcaption>\n\t\t\t\t\t\t\t\t\t\t<\/figure>\n\t\t\t\t\t\t\t\t\t<\/div>\n\t\t\t\t<\/div>\n\t\t\t\t\t<\/div>\n\t\t<\/div>\n\t\t\t\t<div class=\"elementor-column elementor-col-50 elementor-top-column elementor-element elementor-element-c1d2194\" data-id=\"c1d2194\" data-element_type=\"column\">\n\t\t\t<div class=\"elementor-widget-wrap elementor-element-populated\">\n\t\t\t\t\t\t<div class=\"elementor-element elementor-element-71aa57b elementor-widget elementor-widget-text-editor\" data-id=\"71aa57b\" data-element_type=\"widget\" data-widget_type=\"text-editor.default\">\n\t\t\t\t<div class=\"elementor-widget-container\">\n\t\t\t\t\t\t\t\t\t<p style=\"text-align: center;\"><strong>Internet<\/strong><\/p>\t\t\t\t\t\t\t\t<\/div>\n\t\t\t\t<\/div>\n\t\t\t\t<div class=\"elementor-element elementor-element-d31908b elementor-widget elementor-widget-image\" data-id=\"d31908b\" data-element_type=\"widget\" data-widget_type=\"image.default\">\n\t\t\t\t<div class=\"elementor-widget-container\">\n\t\t\t\t\t\t\t\t\t\t\t\t<figure class=\"wp-caption\">\n\t\t\t\t\t\t\t\t\t\t\t<a href=\"https:\/\/skillpartners.docsend.com\/view\/g2v8azc6qj6k45rz\" target=\"_blank\">\n\t\t\t\t\t\t\t<img loading=\"lazy\" decoding=\"async\" width=\"950\" height=\"610\" src=\"https:\/\/zurich-shanghai2010.ch\/wp-content\/uploads\/2025\/09\/Video-Bild-Networthy-News-1024x658.jpg\" class=\"attachment-large size-large wp-image-4156\" alt=\"\" srcset=\"https:\/\/zurich-shanghai2010.ch\/wp-content\/uploads\/2025\/09\/Video-Bild-Networthy-News-1024x658.jpg 1024w, https:\/\/zurich-shanghai2010.ch\/wp-content\/uploads\/2025\/09\/Video-Bild-Networthy-News-300x193.jpg 300w, https:\/\/zurich-shanghai2010.ch\/wp-content\/uploads\/2025\/09\/Video-Bild-Networthy-News.jpg 1380w\" sizes=\"100vw\" \/>\t\t\t\t\t\t\t\t<\/a>\n\t\t\t\t\t\t\t\t\t\t\t<figcaption class=\"widget-image-caption wp-caption-text\">Networthy News 2010<\/figcaption>\n\t\t\t\t\t\t\t\t\t\t<\/figure>\n\t\t\t\t\t\t\t\t\t<\/div>\n\t\t\t\t<\/div>\n\t\t\t\t\t<\/div>\n\t\t<\/div>\n\t\t\t\t\t<\/div>\n\t\t<\/section>\n\t\t\t\t<\/div>\n\t\t","protected":false},"excerpt":{"rendered":"<p>Unser Projekt hat auch grosses Medien-Echo erzeugt, was uns sehr gefreut und auch Stolz gemacht hat. Tele Z\u00fcri Talk T\u00e4glich zu Paradeplatz &#8211; Roter Platz 2006 Central China TV (CCTV) Bericht \u00fcber unseren Auftritt an der Expo 2010 im Swiss Pavilion Tianjin TV Bericht \u00fcber unseren Besuch des SOS Kinderdorfs 2010 Internet Networthy News 2010<\/p>\n","protected":false},"author":1,"featured_media":0,"parent":0,"menu_order":0,"comment_status":"closed","ping_status":"closed","template":"","meta":{"footnotes":""},"class_list":["post-3942","page","type-page","status-publish","hentry"],"_links":{"self":[{"href":"https:\/\/zurich-shanghai2010.ch\/index.php?rest_route=\/wp\/v2\/pages\/3942","targetHints":{"allow":["GET"]}}],"collection":[{"href":"https:\/\/zurich-shanghai2010.ch\/index.php?rest_route=\/wp\/v2\/pages"}],"about":[{"href":"https:\/\/zurich-shanghai2010.ch\/index.php?rest_route=\/wp\/v2\/types\/page"}],"author":[{"embeddable":true,"href":"https:\/\/zurich-shanghai2010.ch\/index.php?rest_route=\/wp\/v2\/users\/1"}],"replies":[{"embeddable":true,"href":"https:\/\/zurich-shanghai2010.ch\/index.php?rest_route=%2Fwp%2Fv2%2Fcomments&post=3942"}],"version-history":[{"count":66,"href":"https:\/\/zurich-shanghai2010.ch\/index.php?rest_route=\/wp\/v2\/pages\/3942\/revisions"}],"predecessor-version":[{"id":4617,"href":"https:\/\/zurich-shanghai2010.ch\/index.php?rest_route=\/wp\/v2\/pages\/3942\/revisions\/4617"}],"wp:attachment":[{"href":"https:\/\/zurich-shanghai2010.ch\/index.php?rest_route=%2Fwp%2Fv2%2Fmedia&parent=3942"}],"curies":[{"name":"wp","href":"https:\/\/api.w.org\/{rel}","templated":true}]}}